e units digit of u?
6
Suppose 5*v + 2*o + 44 = 3*v, -5*o + 15 = 0. Let n = v - -52. What is the tens digit of n?
2
Suppose -15 = 2*x - 101. Let p = x - -1. What is the units digit of p?
4
Suppose -c = 4*v - 2 - 5, 3*v - 14 = c. Suppose 8 = 5*m - v*m. Suppose -9 - 11 = -m*n. What is the units digit of n?
5
Suppose -3*x + 31 = 5*k, 5*x + 6 = -5*k + 41. Suppose -4*l - 26 = -k*h, 5*l + 9 = 2*h + 2*l. What is the units digit of h?
6
Let l(b) = b - 2. Let w be l(4). Let z be w/1 + -9 + 1. What is the units digit of (-75)/(-9) - 4/z?
9
Let v be -4 + 2 + -3 + 1. What is the units digit of 50/4 + (-2)/v?
3
Let b(z) = z**2 - 4*z - 7. Let k be b(5). Let r = 3 - k. What is the units digit of r?
5
Let b(n) be the first derivative of n**3 + n**2 + n - 2. What is the units digit of b(-1)?
2
Let j(g) = -g**3 - 3*g**2 - 4. Let t be j(-3). Let m = t - -12. What is the units digit of m?
8
Let d(c) = c + 8. Let p be d(-6). Let b be (-1 - -3)/((-1)/(-2)). Suppose -b = -s + p. What is the units digit of s?
6
Let l(p) = 4*p**2 - 14*p + 8. What is the units digit of l(5)?
8
Let c(y) = -y**3 + 17*y**2 - 14*y. Let f be c(16). Let j = -21 + f. What is the units digit of j?
1
Let y(w) = w**3 + 4*w**2 - 4. Let d = 4 + -7. What is the units digit of y(d)?
5
Let y = -139 - -146. Let k(u) = 2*u - 4. Let c be k(3). Let w = y + c. What is the units digit of w?
9
Let b be 2 - 1 - (5 - -2). What is the units digit of 276/27 - b/(-27)?
0
Let f = -202 - -291. What is the units digit of f?
9
Let n(g) = 6*g + 114. What is the tens digit of n(0)?
1
Suppose -10 = -5*g - 0. Suppose v + 5*y + 12 = 0, v = g*y + 4 + 5. What is the units digit of v?
3
Let f(d) = 4*d**2 + 8*d - 13. What is the tens digit of f(3)?
4
Let i(p) = p**3 - 8*p**2 + 5*p - 6. What is the tens digit of i(8)?
3
Let r(u) = -u**2 - 4*u + 3. Let k be ((-3)/6)/((-3)/(-24)). What is the units digit of r(k)?
3
Suppose 4*h - 4*n - 292 = -64, 5*h = -5*n + 285. What is the units digit of h?
7
Suppose 4*s - 15 = -q, -4*q + 4 = 5*s - 1. What is the units digit of s?
5
Let w = -1 + 3. Suppose 5*z = y - 23, -5*y + 1 = 4*z + w. Suppose 0 = 5*x - 2*u - 52, 0 = -5*x + y*x - 3*u + 36. What is the units digit of x?
2
Let y = 5 - 3. Suppose -4*j = -z + 18, -3*z - y*j - 4 = -2. What is the units digit of z?
2
Let l be (8 - 2)*(-5)/15. What is the units digit of (-19)/l + 5/(-10)?
9
Let u be (1 + -57)*2/(-4). Suppose y - 5*y = -4*i + u, 3*y = -3*i - 9. Suppose -21 = -a - a - 3*d, -2*a - 4 = -i*d. What is the units digit of a?
3
Suppose 2*o + 2*d = -0*o + 94, 5*d = 0. What is the units digit of o?
7
Let f be (-776)/(-28) - (-4)/14. Let d = f - 13. What is the tens digit of d?
1
Let n(i) = 2*i - 8. Let q be n(7). Let j = 9 - q. Suppose j*k = 4*m - 3 + 32, 5*k = -5*m - 10. What is the units digit of k?
3
Let b(m) = 6*m + 2. Let f be b(3). Suppose -g = -5*g + f. What is the units digit of g?
5
Let g = 3 - 3. Suppose -70 = -5*f - g*f. What is the units digit of f?
4
Let w(j) = -8*j - 4 - 2 - 6*j**2 + 7*j - j**3 - 5*j. What is the tens digit of w(-6)?
3
Suppose -3*t + 18 = 3*o, -o - 4*t = 2*o - 13. What is the units digit of o?
1
Let s be (8/12)/(4/24). Suppose -3*m - s*j + 19 = -18, -4*m = 5*j - 51. What is the tens digit of m?
1
Let z be (-3)/15 + (-212)/(-10). Suppose -121 = 5*c - z. What is the units digit of (9/2)/((-15)/c)?
6
Let n(u) = -u + 11. Let b be n(9). Let h(w) = w**2 - w - 1. What is the units digit of h(b)?
1
Let x = -17 - -42. Suppose -5*t + x = -5. What is the units digit of t?
6
Let l(z) = -z. Let w(p) = -p**3 + 3*p - 3. Let t(q) = -q + 7. Let v be t(5). Let j be w(v). What is the units digit of l(j)?
5
Suppose 699 = 18*x - 345. What is the units digit of x?
8
Let l(k) = 8*k + 56. Let b(m) = -3*m - 19. Let g(r) = 11*b(r) + 4*l(r). Let d = -17 - -17. What is the units digit of g(d)?
5
Suppose -s + 4*w = s + 18, -3*s = w - 1. Let y = -2 - s. Let v = y + 8. What is the units digit of v?
7
Suppose -2*n - 3*n + 250 = 0. Suppose -2*o + n - 12 = 0. What is the units digit of o?
9
Let i be 21 + 1 + 1 + -3. Suppose i + 46 = u. What is the tens digit of ((-10)/(-15))/(4/u)?
1
Suppose 9*u = 8*u + 19. What is the units digit of u?
9
Let w = -7 - -2. Suppose -4*o + 9 = -3*o - 2*f, -3*f = 0. Let n = w + o. What is the units digit of n?
4
Suppose 0*z = -5*z - 5. Let t = z + 3. Suppose t*f - 24 = -f. What is the units digit of f?
8
Suppose 9*s - 20 = 4*s. Let b = -4 + s. Suppose 7*z - 2*z - 40 = b. What is the units digit of z?
8
Suppose -2*q + 18 = 5*m, 0*m = q + 3*m - 9. Suppose -w - q = -49. What is the tens digit of w?
4
Let z = -36 - -44. What is the units digit of z?
8
Suppose 154 = 3*v + u - 2*u, u = -4. Suppose 2*g - 7*g + v = 0. What is the tens digit of g?
1
Let m(o) be the second derivative of 11*o**4/12 - o**3/3 + o**2/2 - o. Suppose 3*t = a + 1, 2*t + 0*t - 4*a = -6. What is the units digit of m(t)?
0
Suppose 115 = 12*p - 7*p. Suppose -u - x = 3*u + 38, -u + 1 = -5*x. Let o = p + u. What is the units digit of o?
4
What is the tens digit of -34*3/(-6)*1?
1
Suppose 54 = -5*u + 174. What is the units digit of u?
4
Let k(h) = 25 + h - 9 - 5 + 17. What is the tens digit of k(0)?
2
Let i(f) = f - 4. What is the units digit of i(6)?
2
Suppose -2*x - 256 = -4*x - n, -640 = -5*x - 5*n. What is the hundreds digit of x?
1
Suppose 990 = 5*o + 3*f, 0 = 2*o + 3*o - 5*f - 990. What is the units digit of o?
8
Suppose 0 = -3*x + 2*o - 2, 0 = -4*x - 0*x - 4*o + 24. Suppose x*u - 2 = u. What is the units digit of u?
2
Suppose 2 = -2*v - w + 10, -2*v + w = 0. What is the units digit of v?
2
Let b = -18 - -159. What is the tens digit of b?
4
Let p(d) be the third derivative of d**6/120 + 2*d**5/15 - 11*d**4/24 - 2*d**3 - d**2. What is the units digit of p(-9)?
6
Let t(x) = 45*x**3 + x**2 - 2*x + 2. What is the tens digit of t(1)?
4
Let u = 2 + 0. What is the units digit of u?
2
Let t(a) = 27*a - 4. What is the units digit of t(2)?
0
Let g(x) = x**2 - 1. Suppose 2*d - 5*d = 6, 4*d = 5*s - 18. Let j be g(s). Suppose -3*h + 39 = 2*h + q, h + j*q = 19. What is the units digit of h?
7
Let z(h) be the second derivative of 8*h**2 - 2*h**3 + 0 - 1/12*h**4 + h. What is the tens digit of z(-12)?
1
Suppose -5*b + b = -16. Suppose 2*m + 0*x - 21 = -3*x, -5*x = -b*m + 9. What is the units digit of m?
6
Suppose 21 = -c - k + 145, 0 = -2*c - 4*k + 246. Suppose 145 = 5*g + 4*m, -5*m + c = 3*g + g. What is the units digit of g?
5
Suppose -5*l + 2*t = -164, -2*l + t + 65 = -0*t. What is the tens digit of l?
3
Suppose -4*u - 56 = -2*i + 4*i, -3*u = 3*i + 45. Let v = -5 - u. What is the units digit of v?
8
Let b = -1 + 5. Let z be 2*(3 + -1 - -20). Suppose -3*m - 4*k + z = 0, 0*m - 5*m + 52 = -b*k. What is the units digit of m?
2
Let v = -13 + 15. What is the tens digit of (-225)/(-10) - 1/v?
2
Let s = 31 - -46. What is the units digit of s?
7
Suppose 0 = -12*l + 3*l + 504. What is the units digit of l?
6
Let w(y) = y**3 + 6*y**2 + 5*y. Let f be 4/(-2) + (1 - 3). What is the tens digit of w(f)?
1
Let o = -60 - -65. What is the units digit of o?
5
Let g be ((-5)/(-5))/((-2)/(-14)). Let a(s) = -s**3 + 7*s**2 + s + 5. What is the tens digit of a(g)?
1
Let l(b) = b**2 - 1. Let u be l(-4). Suppose 2*a = -3*a + u. What is the units digit of 5 - a/((-3)/(-1))?
4
Suppose 0 = 2*g + 8, 2*q = 3*g - 6*g + 2. Let h = 31 - q. What is the tens digit of h?
2
Let t(m) be the first derivative of -3*m**2/2 - 1. What is the units digit of t(-1)?
3
Let y(x) = -x**3 + 7*x**2 - 4*x - 2. What is the units digit of y(5)?
8
What is the units digit of (-4)/(8/(-6)) + 0?
3
Let a be 0 - 1/(-4)*0. Suppose -j + 5*n + 8 + 10 = 0, -5*j + 3*n + 200 = a. What is the tens digit of j?
4
What is the tens digit of 1305/10 + (-12)/(-8)?
3
Suppose 15 = -5*s + 3*u - 5, -u = 5*s. Let x be -1 - -14 - (2 - 2). Let r = x - s. What is the units digit of r?
4
Let j be ((-1)/3)/((-1)/18). Suppose -15 + j = -y. What is the units digit of y?
9
Let q(v) = 3*v**2 - 3*v - 4. Let y be (6 - 8)*(0 - -1). What is the tens digit of q(y)?
1
Suppose -321 = -3*r + 1017. What is the tens digit of (-4)/(-10) + r/10?
4
Suppose -4 = 4*x - 0. What is the units digit of x/6 - (-86)/12?
7
Let w be (24/18)/(4/(-6)). What is the tens digit of w - -21*(-6)/(-9)?
1
Suppose k - z - 74 = -3*z, -3*k - 2*z + 214 = 0. What is the tens digit